 divided by 866?
666
What is the remainder when 2240 is divided by 401?
235
Calculate the remainder when 7039 is divided by 1402.
29
Calculate the remainder when 360 is divided by 208.
152
What is the remainder when 144867 is divided by 55?
52
Calculate the remainder when 863053 is divided by 334.
331
What is the remainder when 156676 is divided by 11191?
2
What is the remainder when 7465 is divided by 2436?
157
Calculate the remainder when 23275 is divided by 11433.
409
What is the remainder when 9915 is divided by 9802?
113
What is the remainder when 153112 is divided by 212?
48
Calculate the remainder when 3937 is divided by 2500.
1437
Calculate the remainder when 9601 is divided by 4650.
301
What is the remainder when 2293 is divided by 304?
165
Calculate the remainder when 2036 is divided by 267.
167
Calculate the remainder when 983 is divided by 929.
54
Calculate the remainder when 132414 is divided by 26473.
49
What is the remainder when 266987 is divided by 88985?
32
Calculate the remainder when 8103 is divided by 890.
93
Calculate the remainder when 23230 is divided by 474.
4
What is the remainder when 9892 is divided by 64?
36
Calculate the remainder when 2714 is divided by 68.
62
What is the remainder when 45042 is divided by 7?
4
What is the remainder when 1583 is divided by 514?
41
What is the remainder when 741 is divided by 223?
72
What is the remainder when 1670184 is divided by 22570?
4
What is the remainder when 2019 is divided by 1009?
1
What is the remainder when 6671 is divided by 1334?
1
Calculate the remainder when 6666 is divided by 247.
244
Calculate the remainder when 12036 is divided by 335.
311
What is the remainder when 7224 is divided by 340?
84
What is the remainder when 1200794 is divided by 219?
17
Calculate the remainder when 6965 is divided by 861.
77
What is the remainder when 2390 is divided by 323?
129
What is the remainder when 155229 is divided by 78?
9
What is the remainder when 5936 is divided by 1307?
708
What is the remainder when 70751 is divided by 268?
267
What is the remainder when 11421 is divided by 200?
21
What is the remainder when 55418 is divided by 149?
139
Calculate the remainder when 34165 is divided by 899.
3
Calculate the remainder when 2935 is divided by 255.
130
What is the remainder when 26055 is divided by 17?
11
Calculate the remainder when 406501 is divided by 24.
13
Calculate the remainder when 5157 is divided by 1014.
87
What is the remainder when 4625 is divided by 355?
10
What is the remainder when 43545 is divided by 351?
21
Calculate the remainder when 699 is divided by 493.
206
Calculate the remainder when 7297 is divided by 146.
143
What is the remainder when 1316 is divided by 869?
447
Calculate the remainder when 6217 is divided by 1536.
73
What is the remainder when 11999634 is divided by 27?
24
What is the remainder when 9480 is divided by 413?
394
Calculate the remainder when 43200 is divided by 44.
36
What is the remainder when 10953 is divided by 28?
5
Calculate the remainder when 44277 is divided by 671.
662
Calculate the remainder when 5080262 is divided by 1093.
1091
Calculate the remainder when 101091 is divided by 25270.
11
Calculate the remainder when 34897 is divided by 8723.
5
Calculate the remainder when 1126601 is divided by 6.
5
What is the remainder when 743058 is divided by 1253?
29
Calculate the remainder when 57359 is divided by 16.
15
What is the remainder when 53373 is divided by 53366?
7
What is the remainder when 34502 is divided by 142?
138
What is the remainder when 81227 is divided by 73?
51
What is the remainder when 183087 is divided by 18?
9
What is the remainder when 22035 is divided by 253?
24
Calculate the remainder when 52083 is divided by 64.
51
What is the remainder when 18371 is divided by 48?
35
What is the remainder when 120905 is divided by 22?
15
Calculate the remainder when 36823 is divided by 1225.
73
Calculate the remainder when 30295 is divided by 230.
165
Calculate the remainder when 82090 is divided by 3568.
26
What is the remainder when 3932 is divided by 827?
624
Calculate the remainder when 152058 is divided by 874.
856
Calculate the remainder when 726 is divided by 715.
11
What is the remainder when 1279 is divided by 97?
18
Calculate the remainder when 40165 is divided by 13.
8
Calculate the remainder when 23183 is divided by 1285.
53
What is the remainder when 290072 is divided by 421?
3
Calculate the remainder when 10810 is divided by 815.
215
What is the remainder when 911013 is divided by 24?
21
Calculate the remainder when 407606 is divided by 3672.
14
What is the remainder when 1248 is divided by 64?
32
What is the remainder when 28692 is divided by 3585?
12
What is the remainder when 1612054 is divided by 163?
147
Calculate the remainder when 14226 is divided by 1580.
6
What is the remainder when 4941 is divided by 2442?
57
What is the remainder when 13920 is divided by 3366?
456
What is the remainder when 15226 is divided by 16?
10
What is the remainder when 3382 is divided by 49?
1
Calculate the remainder when 7846 is divided by 463.
438
What is the remainder when 5949 is divided by 1093?
484
Calculate the remainder when 570 is divided by 44.
42
Calculate the remainder when 268453 is divided by 62.
55
Calculate the remainder when 5684 is divided by 124.
104
What is the remainder when 391589 is divided by 285?
284
Calculate the remainder when 383020 is divided by 173.
171
What is the remainder when 2705 is divided by 1292?
121
Calculate the remainder when 117630 is divided by 449.
441
Calculate the remainder when 371370 is divided by 120.
90
What is the remainder when 1917 is divided by 484?
465
Calculate the remainder when 36520 is divided by 221.
55
Calculate the remainder when 4997 is divided by 49.
48
What is the remainder when 2110141 is divided by 114?
1
What is the remainder when 179861 is divided by 57?
26
What is the remainder when 29466 is divided by 37?
14
Calculate the remainder when 1966 is divided by 1127.
839
Calculate the remainder when 37712 is divided by 13.
12
Calculate the remainder when 760815 is divided by 53.
0
Calculate the remainder when 83457 is divided by 1056.
33
Calculate the remainder when 41259 is divided by 20619.
21
What is the remainder when 17322 is divided by 53?
44
What is the remainder when 4463301 is divided by 12?
9
What is the remainder when 1678 is divided by 6?
4
What is the remainder when 4892 is divided by 4430?
462
What is the remainder when 23112 is divided by 1193?
445
Calculate the remainder when 29658 is divided by 848.
826
What is the remainder when 13363 is divided by 29?
23
Calculate the remainder when 10432 is divided by 47.
45
What is the remainder when 10066 is divided by 260?
186
What is the remainder when 3343 is divided by 86?
75
Calculate the remainder when 3802 is divided by 493.
351
Calculate the remainder when 279297 is divided by 98.
95
What is the remainder when 63523 is divided by 2761?
20
What is the remainder when 49645 is divided by 856?
853
Calculate the remainder when 392128 is divided by 41.
4
What is the remainder when 33241 is divided by 16571?
99
Calculate the remainder when 1875824 is divided by 945.
944
Calculate the remainder when 371599 is divided by 371595.
4
Calculate the remainder when 22076 is divided by 126.
26
What is the remainder when 3465 is divided by 95?
45
Calculate the remainder when 58060 is divided by 177.
4
What is the remainder when 557804 is divided by 5?
4
What is the remainder when 5106 is divided by 320?
306
Calculate the remainder when 5266 is divided by 584.
10
Calculate the remainder when 59394 is divided by 275.
269
What is the remainder when 3300 is divided by 822?
12
Calculate the remainder when 29102 is divided by 297.
293
Calculate the remainder when 6358238 is divided by 35.
33
What is the remainder when 5719 is divided by 316?
31
What is the remainder when 22915 is divided by 674?
673
Calculate the remainder when 5467 is divided by 2390.
687
Calculate the remainder when 118907 is divided by 39633.
8
What is the remainder when 18693 is divided by 1551?
81
Calculate the remainder when 5914271 is divided by 112.
111
Calculate the remainder when 2973688 is divided by 119.
116
Calculate the remainder wh